e -2*k - 3*n = -661, -x*n + n = -3*k + 954. Calculate the greatest common divisor of 85 and k.
17
Let i = 1649 + -1177. Let h = -67 + i. Calculate the greatest common divisor of h and 45.
45
Suppose 0 = 3*d + 131 - 527. Let q be 1060/90 - (4 + 152/(-36)). Calculate the greatest common divisor of q and d.
12
Let l(r) = -r**3 + 5*r**2 - 5*r + 10. Let u be l(4). Let d be 5*36/(-105)*(-7)/2. Calculate the highest common factor of d and u.
6
Let g(i) = i**3 - 37*i**2 + 60*i - 756. Let w be g(36). Calculate the highest common divisor of w and 297.
27
Let y(b) = -14*b**3 + 10*b**2 + 272*b + 12. Let d be y(-10). Calculate the highest common factor of 56 and d.
28
Suppose -1014*n + 3344 = -1010*n. Calculate the highest common factor of 132 and n.
44
Let u(w) = -18*w + 27*w - 5 - w**2 - 17*w. Let q be u(-4). Suppose 4*v - 28 = 4*n, 5*n + q = 4*v - 16. Calculate the greatest common divisor of v and 8.
8
Let w = -38 - -54. Let c be (-24)/w + 81/6. Suppose -5*m + 31 = -59. What is the greatest common factor of c and m?
6
Suppose -31*k + 22971 - 7223 = 0. What is the greatest common factor of k and 32?
4
Let a = -11177 + 11188. Let n(i) = -i**3 + 11*i**2 - 5*i + 7. Let x be n(5). Calculate the greatest common factor of a and x.
11
Let v(l) = 472*l - 11502. Let n be v(25). What is the highest common factor of 10 and n?
2
Suppose 0 = 5*a - a - 1928. Suppose 4*f + 178 = -a. Let u = -116 - f. What is the highest common divisor of 7 and u?
7
Let n = 5165 + -2613. What is the greatest common factor of n and 88?
88
Let j be (-168)/(-252)*36/1. Let c be (172/(-10))/((-2)/10). Suppose -c = -k - j. Calculate the highest common divisor of k and 93.
31
Let y(c) = -21*c**3 - 4*c**2 - 9*c - 5. Let v be y(-2). Let o = v + -155. Calculate the greatest common divisor of 40 and o.
10
Suppose -8*z - 108750 = -37*z. Calculate the highest common factor of 50 and z.
50
Let g = 1224 - 378. What is the highest common divisor of g and 144?
18
Let o(b) = 81*b + 2297. Let u be o(-27). Calculate the greatest common divisor of 682 and u.
22
Suppose -21*q + 13*q = 0. Let x be (q - -11) + -7 + (-1 - -1). Calculate the greatest common factor of x and 22.
2
Let m(z) = -z**2 + 27*z + 28. Let y be m(19). Let h(g) = 12*g**2 + 11*g + 33. Let p be h(-3). Calculate the highest common factor of p and y.
36
Suppose -2*r = 8*k - 13*k + 1279, r + 767 = 3*k. Suppose -10*x + 765 = 7*x. What is the greatest common factor of x and k?
15
Suppose 0 = -2*p - 3*p + 10. Suppose 21 = i - 4*n, -p*i - 2*n + 4 - 2 = 0. Suppose 245 = -0*w + i*w. Calculate the greatest common factor of w and 7.
7
Suppose -y = -3*y + 5*x + 51, 5*y + 4*x = 78. Let g be (1*-1)/(y/(-792)). What is the greatest common divisor of g and 11?
11
Let p(r) = -r**3 - 4*r**2 + r - 6. Let q be p(-12). Suppose -7*t = -q - 98. What is the greatest common factor of 66 and t?
22
Suppose -8*g = -452 - 4. Suppose 0 = -6*v + 3735 - 3621. What is the greatest common divisor of v and g?
19
Suppose -103*p = -53*p - 66150. What is the greatest common divisor of p and 98?
49
Suppose -2*f = -6*f + 132. Suppose -130*i + 18931 = 40*i - 42779. Calculate the greatest common factor of f and i.
33
Suppose -3*i = d - 15, -5*d + 10 + 8 = -4*i. Suppose -d*l = -5*l - 123. Suppose 47 - l = -2*m. What is the greatest common factor of 114 and m?
38
Suppose -9*x - 5*x + 54981 = -5*x. What is the greatest common factor of 41 and x?
41
Suppose -t = -13*g + 14*g - 10, 5*g - 50 = 2*t. Let k be 6 + -3 + 1/(-1). Let d be (164 + k)/2 + -3. What is the greatest common factor of g and d?
10
Let p = 232 + -229. Let r be -4 - (-19 - (-1 + 1 + p)). Calculate the greatest common divisor of r and 198.
18
Let y(j) = 35*j**2 - 119*j + 1316. Let t be y(10). Calculate the greatest common factor of 294 and t.
98
Suppose 2933 = 26*r + 151 - 2418. What is the greatest common factor of r and 8?
8
Let q(h) = 4*h + 55. Let f be q(-11). Suppose f*n - 608 = 283. What is the greatest common factor of n and 1053?
81
Suppose -5*o - 5*r + 68 = 53, -r + 13 = 3*o. Let m = -23 - -58. What is the highest common divisor of m and o?
5
Let u = 438 + 106. Let c = 66844 + -66810. Calculate the highest common factor of c and u.
34
Let f be (-1 + 0)*(-60 - (3 - 3)). Suppose 5*o = k + 57 + 18, -4*o = 2*k - f. What is the greatest common divisor of o and 5?
5
Let f be 2/1 - 6/(36/(-6)). Let v(c) = c + 41. Let r be v(0). Suppose -n = 3*g - r, 30 = f*g - g + 2*n. Calculate the highest common divisor of g and 208.
13
Suppose -2*h + 88 = 216 - 2760. Calculate the highest common divisor of h and 940.
188
Let p be (-4 - (-110)/27) + (-9440)/(-135). What is the highest common divisor of 70 and p?
70
Let o(j) = -116*j - 41. Let z be o(-1). What is the greatest common factor of 1065 and z?
15
Let b(y) be the third derivative of y**5/60 + y**4/8 - 5*y**3/6 + 67*y**2. Let n be b(-6). What is the highest common divisor of 1 and n?
1
Let h be (0 - 9/21) + 50/35. What is the greatest common factor of h and 5586?
1
Let v(p) = 31*p - 10*p - 6*p + 3*p**2 - 8*p. Let x be v(-5). What is the greatest common divisor of 80 and x?
40
Let p(g) = 86*g + 2226. Let o be p(39). What is the highest common factor of 10 and o?
10
Let c(b) = -2*b**3 + 13*b**2 - 20*b + 12. Let p be c(4). Suppose 23*z = p*z + 1683. What is the highest common divisor of z and 17?
17
Suppose 5*h - 10 = -c + 23, -5*h - 23 = -c. Calculate the highest common factor of 2366 and c.
14
Let r be (-1 + 15/3)/((-2)/(-16)). What is the greatest common factor of r and 856?
8
Suppose 0 = -6*v + v - 2*q, -3*q = -15. Let t be 11/44 + (-668)/(-16) + v. What is the highest common factor of 70 and t?
10
Let w(y) = 2*y**3 - 31*y**2 + 4*y - 8. Let g be w(18). What is the greatest common divisor of g and 4?
4
Let u be (10*(-6)/(-8))/((-3)/(-120)). What is the highest common factor of u and 1600?
100
Suppose -5*n + 0*q + 363 = -q, 0 = -4*n - 4*q + 276. Let b(w) = -16*w + 203. Let c be b(11). Calculate the highest common factor of c and n.
9
Let r = 39 - 18. Let m = -23896 + 23884. Let g be (m/10)/(r/(-350)). What is the highest common factor of 100 and g?
20
Let c be ((-81)/(-8) - -2) + 93/(-744). Suppose -10*x = -4*t - c*x + 1084, -t - 5*x = -262. Calculate the highest common factor of t and 68.
68
Suppose -12*k + 218*l + 563 = 213*l, -4*k + l = -191. Let z be 4/(-10) - 37/(-5). Calculate the greatest common factor of k and z.
7
Suppose -5*q - 114 = -2*d, 4*d - 31*q = -29*q + 180. What is the greatest common divisor of 5929 and d?
7
Let j be 3086 + -11 + 12 + 16. What is the highest common divisor of j and 107?
107
Suppose 197 - 37 = 4*q. Let g(k) = -4*k + 2. Let i be g(0). Let u(w) = 42*w - 64. Let f be u(i). Calculate the greatest common factor of q and f.
20
Let l(z) = z**2 + 9*z + 64. Let a be l(-15). Suppose -p = 4*u - 42, -4*p + a = -0*u + 2*u. Calculate the greatest common factor of p and 266.
38
Suppose -6*y + 445 + 203 = 3*y. Calculate the greatest common factor of 81 and y.
9
Let g = -972 - -1143. Let d = 71 + -33. Calculate the highest common factor of g and d.
19
Let k = 13287 - 13273. What is the highest common factor of 32760 and k?
14
Let m = 744 - 726. Let d(t) = t**3 - 13*t**2 - 8. Let y be d(12). Let q = 350 + y. What is the greatest common divisor of q and m?
18
Let d be ((-324)/8)/(27/297)*8/(-3). Calculate the highest common divisor of 231 and d.
33
Suppose 277 + 298 = 3*j + 5*u, 4*j - 4*u = 756. What is the highest common factor of 38 and j?
38
Suppose -446 - 256 = -9*d. Suppose d = 24*g - 162. Let z = 1 - -1. Calculate the greatest common divisor of g and z.
2
Let i = -481 + 806. Let f = -125 + i. Calculate the greatest common factor of 25 and f.
25
Suppose 20*u + 9 = 23*u. Let c(f) = f**3 - 5*f**2 + 5*f - 1. Let s be (8 - 6)/((-1)/(-2)). Let y be c(s). Calculate the highest common divisor of u and y.
3
Suppose 976 = 2*x + 2*z, 5*x + 7*z = 12*z + 2320. Let k(l) = 2*l**2 - 2*l + 8. Let m be k(6). What is the highest common factor of m and x?
68
Let i = 138 + -240. Let h = i - -94. Let t be (4/h)/((-1)/156). Calculate the greatest common factor of 26 and t.
26
Suppose 9*u + 4*w - 2976 = 7*u, -u - 3*w = -1485. Calculate the greatest common factor of 9 and u.
9
Suppose 0 = -0*g + 2*g - 2. Suppose -m + g = -12. Let p be (-910)/(-42)*18/10. Calculate the highest 